In base 15, what is 405 + 93?
498
In base 9, what is -2 - 1137186?
-1137188
In base 4, what is 1 + -2223203?
-2223202
In base 10, what is 154138 + 4?
154142
In base 4, what is -132032 - 0?
-132032
In base 10, what is 337 + -404?
-67
In base 8, what is -260 - -47067?
46607
In base 8, what is 1205 - 251?
734
In base 6, what is -5 - -2332331?
2332322
In base 13, what is -37 - -1695?
165b
In base 14, what is -39 - 1dc7?
-2022
In base 3, what is 121 + -10010?
-2112
In base 3, what is 112 - -10010121111?
10010122000
In base 9, what is -142317 + 7?
-142310
In base 9, what is -176812 + 3?
-176808
In base 11, what is 10831 + 19?
1084a
In base 6, what is -211341 + 252?
-211045
In base 3, what is -10 + 20221120122?
20221120112
In base 3, what is -10101 + 122201?
112100
In base 12, what is -9 + -1079a8?
-1079b5
In base 8, what is 0 - 12264?
-12264
In base 5, what is 42 + 1101132?
1101224
In base 9, what is -1270 + 616?
-553
In base 15, what is c - 1588?
-157b
In base 11, what is -16366 + 12?
-16354
In base 8, what is -17200 + 136?
-17042
In base 11, what is 14 + 67a5a?
67a73
In base 4, what is 12331 - 1133?
11132
In base 8, what is 2 + 53726?
53730
In base 3, what is 1211010000 + 11110?
1211021110
In base 9, what is -52218 - 3?
-52222
In base 16, what is 10d - -108b?
1198
In base 5, what is 20143 + -1001?
14142
In base 9, what is 77 - 514?
-426
In base 3, what is 121021210 - 11000?
121010210
In base 13, what is 19149 + -4?
19145
In base 16, what is f60c - -4?
f610
In base 10, what is 1047 + -17?
1030
In base 8, what is 125764 + -15?
125747
In base 14, what is -6 + 4561?
4559
In base 6, what is -400314 - 13?
-400331
In base 11, what is -295856 - 2?
-295858
In base 8, what is 2 - 113766?
-113764
In base 12, what is 333a - -8b?
3409
In base 12, what is -6971 - 0?
-6971
In base 13, what is -93300 - 0?
-93300
In base 16, what is 1ed82 - 1?
1ed81
In base 12, what is -6 - -1303?
12b9
In base 13, what is -20 - 1a65?
-1a85
In base 3, what is -101122220 - -1?
-101122212
In base 15, what is -6 + -3035?
-303b
In base 2, what is 1101 - 10010011110101?
-10010011101000
In base 12, what is -18569 + 0?
-18569
In base 12, what is 6 - a2?
-98
In base 11, what is 5 - 70?
-66
In base 16, what is c - -bb89?
bb95
In base 6, what is -4 - -4451210?
4451202
In base 15, what is 808 + c0?
8c8
In base 16, what is 8a3c - -2?
8a3e
In base 6, what is 1112 - -110?
1222
In base 13, what is 63 + 42?
a5
In base 15, what is 12 + 927?
939
In base 14, what is 1 + 15072?
15073
In base 10, what is -10709 - -11?
-10698
In base 12, what is 4a32 - -3?
4a35
In base 8, what is 10631 + 62?
10713
In base 15, what is -78bd + -1b?
-78d9
In base 3, what is -1112220 + -22022?
-1212012
In base 10, what is -487023 - -3?
-487020
In base 7, what is -65 - -2510?
2412
In base 10, what is -110 + 2278?
2168
In base 8, what is 2 + 13025?
13027
In base 14, what is 1 - -d9bb7?
d9bb8
In base 16, what is -4 + ad94?
ad90
In base 15, what is -c + 781?
774
In base 8, what is 356341 + 1?
356342
In base 9, what is 106 - -324?
431
In base 11, what is 77781 + 3?
77784
In base 5, what is 3134 + -1110?
2024
In base 8, what is 6273 - -52?
6345
In base 3, what is 100 + 10200202?
10201002
In base 10, what is 49 + 2146?
2195
In base 5, what is 43110 + -1412?
41143
In base 11, what is 7334 + -13?
7321
In base 3, what is -10110021212212 - 0?
-10110021212212
In base 13, what is -7 + 1517?
1510
In base 7, what is 45 - -45332?
45410
In base 9, what is 1006 - 84?
812
In base 9, what is 2 + -11223?
-11221
In base 8, what is 1 + -243221?
-243220
In base 3, what is -12 + 102102102?
102102020
In base 5, what is 32 + -1220111?
-1220024
In base 2, what is -100010000010011111 - -100?
-100010000010011011
In base 10, what is 43 + 2989?
3032
In base 11, what is 5 - -107182?
107187
In base 2, what is 1001100 + 101000?
1110100
In base 4, what is -11032 + 3223?
-1203
In base 2, what is 10101100001100100 - -100?
10101100001101000
In base 15, what is 5 - 3ed8?
-3ed3
In base 11, what is 4726 - 72?
4664
In base 4, what is -131 + 202132?
202001
In base 15, what is be2 - -13?
c05
In base 15, what is -391 + -368?
-709
In base 6, what is 154 + -24444?
-24250
In base 11, what is -133a62 - 1?
-133a63
In base 5, what is 1120 - -4230?
10400
In base 5, what is -4301040200 + 1?
-4301040144
In base 13, what is -b + -7212?
-7220
In base 2, what is 1111101011 - -110100010?
10110001101
In base 13, what is -1214 + -a?
-1221
In base 7, what is -4402 + -51?
-4453
In base 6, what is -31315531 + 5?
-31315522
In base 9, what is -4 - 10265?
-10270
In base 7, what is -2 - -216200?
216165
In base 16, what is f18 + -28?
ef0
In base 9, what is -287500 + -1?
-287501
In base 6, what is -45123 + 14?
-45105
In base 12, what is 15 - -90a?
923
In base 8, what is 320 + 1657?
2177
In base 14, what is -8b + 5c29?
5b7c
In base 9, what is 4 - -74543?
74547
In base 4, what is 10320333 - 11?
10320322
In base 11, what is -18 - 121?
-139
In base 10, what is 3700 - 10?
3690
In base 12, what is -2 - -351?
34b
In base 3, what is -1112021 - 1102101?
-2221122
In base 12, what is -2 + -310?
-312
In base 8, what is -4 + -61765?
-61771
In base 14, what is -2111 + -5?
-2116
In base 14, what is 57a63 + -1?
57a62
In base 8, what is -35 - 2320?
-2355
In base 13, what is 238b - 16?
2375
In base 5, what is -42303421 - 2?
-42303423
In base 5, what is 14 - 3140?
-3121
In base 16, what is 19 - -4345?
435e
In base 4, what is 1 - 1130303333?
-1130303332
In base 10, what is -24 + 9263?
9239
In base 8, what is 120 + -571?
-451
In base 9, what is 402 - -527?
1030
In base 9, what is 40747 + 1?
40748
In base 14, what is -32 - -96a4?
9672
In base 4, what is 0 + -22120111?
-22120111
In base 12, what is 26 + 2a497?
2a501
In base 7, what is 5 - -1223531?
1223536
In base 15, what is 2958 + b?
2964
In base 12, what is 3639 + 24?
3661
In base 8, what is 2 + -320767?
-320765
In base 3, what is 12202 - -110110?
200012
In base 11, what is 2 + a555?
a557
In base 11, what is -2317 - -9?
-2309
In base 6, what is -25 + -220220?
-220245
In base 6, what is 10 + -340455?
-340445
In base 3, what is 10010202 - 1002?
10002200
In base 5, what is 33 + -123220?
-123132
In base 9, what is -6 + 8441?
8434
In base 4, what is 22211203 + -3?
22211200
In base 14, what is -104c88 + 0?
-104c88
In base 16, what is 1 + 26590?
26591
In base 10, what is -196 - 1239?
-1435
In base 14, what is -6 + -12?
-18
In base 2, what is 101 + -10110001001101?
-10110001001000
In base 2, what is 10 + 10000100000001110001?
10000100000001110011
In base 13, what is -17 + 61?
47
In base 7, what is 3 - -2264145?
2264151
In base 15, what is -1 - 5617?
-5618
In base 13, what is -10 - 10481?
-10491
In base 14, what is -4 + 10343?
1033d
In base 4, what is 3202203132 + 10?
3202203202
In base 16, what is -1799d + 5?
-17998
In base 12, what is -107 - -bab?
aa4
In base 6, what is -2424 - 2252?
-5120
In base 15, what is 7d03 - -4?
7d07
In base 16, what is 6 + 3a0a1?
3a0a7
In base 10, what is -157 + -4474?
-4631
In base 2, what is 1000100000111111 - 110?
1000100000111001
In base 10, what is -1738 - -75?
-1663
In base 14, what is -5 + -1c7405?
-1c740a
In base 11, what is -3 + -636765?
-636768
In base 7, what is -515154 + 4?
-515150
In base 3, what is 11 + 1111102121?
1111102202
In base 13, what is -3 - -128772?
12876c
In base 4, what is -21112333 + -120?
-21113113
In base 4, what is -2130303032 - 10?
-2130303102
In base 16, what is -2ba9 + -1?
-2baa
In base 8, what is -1006661 - 2?
-1006663
In base 14, what is 0 - 12a776?
-12a776
In base 11, what is -98603 + -5?
-98608
In base 6, what is 14 + -122210?
-122152
In base 3, what is 1010200011011 - 1?
1010200011010
In base 9, what is 11 + -6412?
-6401
In base 2, what is -1000011010101100 - -1111?
-1000011010011101
In base 5, what is 1030010 - -4?
1030014
In base 11, what is 267a + 54?
2723
In base 8, what is -253 - -1137?
664
In base 14, what is 6 - 14b8?
-14b2
In base 8, what is 2317 + 14?
2333
In base 11, what is -a + 133198?
133189
In base 2, what is -1111000011100010 - 10?
-1111000011100100
In base 16, what is -a + 934?
92a
In base 11, what is -a0 + 429?
339
In base 4, what is -1011010322 - 2?
-1011010330
In base 15, what is -a5be - -c?
-a5b2
In base 2, what is 1010 + 1011101011101001?
1011101011110011
In base 7, what is -10343